) + 40?
43
Calculate -27 - (-7 + 23 + 98 + -107 + (-2 - -1)).
-33
Calculate -235 + 187 + (8 - 8 - (0 - 2) - 1).
-47
Evaluate (-23 + 1 - (68 - 54 - 25)) + (-1 - -94).
82
What is the value of (4 - 32) + (11 - (-34 - -30) - 23)?
-36
(1 - 16) + ((11 - 10) + -12 - -30) + -8
-4
Evaluate -1 + 8 + (-392 - -438 - (2 - (-2 + 4))).
53
What is 15 + 27 + 1 + -54 - (-17 - 2)?
8
Evaluate -10 + 11 - 4 - (1 + (13 - (7 + 16))).
6
38 - (-14 + (20 - 39 - -28))
43
What is ((2 - -2) + -1 - ((-97 - -201) + -95)) + 155?
149
What is the value of (-11 - ((12 - 2) + -14 + 5)) + (-2 - 40)?
-54
Evaluate -23 - (-49 + (11 + 14 - 22)).
23
What is the value of 12 - 61 - -112 - 87?
-24
12 - 0 - ((-46 - 3) + 191 + -206)
76
What is the value of (18 - (-1 + 1) - (-140 + 40 + 114)) + -6?
-2
What is the value of 112 - (-55 - (-8 - (-12 + 31)))?
140
What is the value of -10 + 15 + 113 + -86?
32
Evaluate -2 - (82 - 32 - 43).
-9
What is -135 - 4 - (3946 + -4138)?
53
What is -187 + (15 - (15 + -11 - 35))?
-141
(-35 - -120 - 15) + -20
50
1 - 29 - (-262 - -250) - (-4 + (0 - 1))
-11
Evaluate 50 - (-31 + (-78 - -83)).
76
What is the value of 36 + -43 + (2 - (4 + 11)) + -6?
-26
Evaluate (-10 - (5 + -22 + -5 + -4)) + -3.
13
What is -23 - -42 - (31 + 10 + -20)?
-2
(-84 + 3 - 0) + (-52 - (39 + (16 - 99)))
-89
Calculate -101 - (0 - (22 - (33 + -27))).
-85
57 - (3 + -8 + (66 - 30))
26
Evaluate (134 - 168 - -60) + -108.
-82
What is the value of -35 - -64 - 40 - (-38 - 1)?
28
What is the value of -51 + 23 + 47 + (6 - (6 - 9))?
28
What is the value of 91 + -97 - ((116 - (-5 - -2 - -12)) + 7)?
-120
What is 20 - (9 - ((-17 - -5) + 11)) - 56?
-46
What is the value of 49 - (27 + 113) - -52?
-39
What is (35 - (-7 + 6)) + (-58 + 58 - -7)?
43
Evaluate -44 + -33 + -9 + 23.
-63
-15 + 1 + 305 + -298 - 71 - 5
-83
Calculate 14 + 3 + -31 - (-8 - -12 - -8).
-26
What is 5 + (-5 - -9 - 6) - (-13 - 46)?
62
What is 10 + (-21 - 20) + 5 + -5 + -10?
-41
Calculate 18 - (-85 + 1 + 115 + -125) - 10.
102
-4 - 41 - (-121 + 98)
-22
Calculate 3 - ((-80 - -74) + -65).
74
Evaluate (-142 - (-31 + -49)) + 22.
-40
Evaluate -4878 + 4886 + 1 + (0 - 2).
7
(0 + (18 - 4) - (-20 + 38 + 10)) + -93
-107
60 - (46 - -92 - -17)
-95
What is 19 + 52 + -202 + 234?
103
Evaluate 12 + 2 + 1 - (309 - 313).
19
Evaluate -2 - (-15 + (6 - -5)) - 12 - 105.
-115
What is the value of 64 + 1 + (2748 + -2756 - (-3 + 1))?
59
Calculate -123 + (1 - (-14 - ((10 - 17) + -7 + -1))).
-123
Evaluate (27 - -38) + 11 + -23.
53
What is the value of -58 + 2 + 1231 + -1124?
51
Calculate (-1 - 21) + (-2 - -3) + (-82 - -87).
-16
What is the value of 99 - (-10 - 46 - -174)?
-19
0 - ((-1 - 0) + -42 - (-35 + 112 + -86))
34
What is 8 - (33 + (-9 - 25))?
9
What is the value of (3 - 5) + (-23 - (9 - (21 - 14)))?
-27
What is the value of 9 + 10 + -7 + -25 + -2?
-15
What is the value of 59 + -68 + -53 + 17?
-45
Calculate (7 - 0 - (-263 + 270 - (-102 + 0))) + 3.
-99
Evaluate 15 - (-4 + 1 - -5) - (-36 + -3 - -34).
18
What is -25 + 43 + -64 + 49?
3
Calculate 18 - -5 - (10 - 59).
72
28 + (0 - 22) + -13 - (-1 + -1)
-5
Calculate 62 - (-25 + 7 - -14 - (-10 - -12)).
68
Calculate -39 - (-6 + 4 - (-6 - -12) - 2).
-29
What is 10 - (-20 - -30) - (2 + 17)?
-19
Evaluate 9 + 0 + 1 + (-41 - -60 - -5) + 43.
77
-611 + 559 + (5 + -3 - 13)
-63
Evaluate (2 - 26) + (63 + -60 - 25).
-46
-20 + -69 + -11 + 18 - (2 - 3)
-81
What is 21 + 45 + (16 + 7 - (14 + -3))?
78
Evaluate -3 + (8 - 1 - (-1 - 3)) - -30.
38
10 - (-6 + 3 - (-145 - -91))
-41
What is (7 - (24 + -14)) + (6 - (46 + -3))?
-40
Evaluate (-60 - (-4 - -7)) + 4 + (-387 - -403).
-43
Evaluate 5 - (-4 - -14) - (-9 + 2 - -11).
-9
What is the value of (-2 - -22 - (-45 - (44 + -115))) + 0 + 112?
106
What is -10 + -1 + 1 + 13 + (-6 - 38) + 109?
68
-15 + (-8 - 8 - -12 - -22) - -84
87
Calculate -23 + (11 - (1 + -11) - -7).
5
What is the value of 6 + -4 + -47 + -4?
-49
Calculate 6 + (1 + -1 - ((-39 - 6) + (-88 - -118))).
21
(17 + (-10 - 10) - (1 + -10)) + -52
-46
What is the value of 20 + (-4 - ((15 - 22) + 22))?
1
What is -27 - (-46 + 39 + 25)?
-45
16 + -37 + -16 + 34
-3
((6 - -5) + -16 + -6 - -17) + 60
66
Evaluate -30 + 1 - -1 - (1538 + -1553).
-13
What is (73 - 119) + 40 - (0 - 21)?
15
What is -8 + (6 + -8 + 6 - -45) - (28 - 20)?
33
Evaluate -1 - -25 - ((-14 + 19 - -14) + (13 - 26)).
18
-52 + 235 - (-16 + 108)
91
(1 - 42) + (-8 - (104 - 96))
-57
What is the value of 261 - (32 - (-171 - -69))?
127
(-1877 - -1966) + (1 - 32)
58
(-161 - -185) + (-70 - (2 - 9))
-39
What is (-66 - (66 + -183)) + 0 + 44?
95
-2 - (-1 - -1) - (-92 + 0) - (-24870 + 24866)
94
What is the value of -11 - (9 + (-6 - -15) - 4 - -7)?
-32
Evaluate 97 + (-133 - (33 + -57)).
-12
What is the value of (1 - -131) + (22 - -6) + -96 + 56?
120
What is 54 - ((1 + -12 - -13 - -11) + -8)?
49
Calculate 2861 + -2856 - (1 + -27 + 3).
28
-18 + (-7 - -6 - (-8 + -1 + 11))
-21
Calculate -28 + -4 + (20 + -28 - -7).
-33
What is the value of -10 - (-6 + (71 + -58 - (3 + -1)) + -3)?
-12
(-1294 - -1306) + (3 - 117)
-102
Evaluate 13 + (13 + 15 - 7) + 1.
35
What is the value of 114 + 53 + -43 + -23 - (0 + 8)?
93
Calculate -19 + (16 - -33) + -73.
-43
Evaluate -16 + (3 - 5 - -3) + 2000 + -1951.
34
Calculate -56 + 78 + (-32 - -6).
-4
-32 + (2 + -9 - -2 - (-284 + 285))
-38
0 - 2 - (-11 - 2) - (-112 + 66 + -20)
77
What is the value of 75 - -1 - (3 - -98 - 77)?
52
Evaluate -6 + (-42 - -30 - 1 - -40).
21
Evaluate 1 + 1 - (3 - (32 + (-3 + -8 - -14))).
34
What is (-40 - -12) + 28 + 37 + -4 + 7?
40
What is 0 - -11 - (3 + 7) - (0 + 40)?
-39
What is -78 - ((-10 + 12 + -4 - 22) + 19)?
-73
What is the value of -624 - -629 - (43 + (0 - -1) - (1 - -1))?
-37
Evaluate -67 - (36 - 100 - -19).
-22
(572 - 573) + -1 + 2 + -3 + 6 + -78
-75
What is -74 + 73 + 12 + 2 + 0 + -24?
-11
Evaluate 2 - 10 - (47 + -40 + 7).
-22
92 + (7 - (99 - 28))
28
Evaluate 9 - (-26 - (-19 - (-55 + 30))).
41
What is -19 + 34 + 50 + -39?
26
What is 76 + 78 + -160 + 0 + 0 + (23 - 2)?
15
What is 0 + -1 + -12 + (131 - 141)?
-23
Calculate 4 - 1 - 6 - -29 - (-28 - 10 - -31).
33
-18 + 128 + -69 + -10
31
(-29 - 0) + 22 + -19 + 8
-18
Evaluate 16 + (-17 - (20 + -29)) + 3 + 9.
20
What is -50 - (14 + -11 - (162 - -5))?
114
What is 65 + 8 + -1513 + 1427?
-13
What is -74 + (7 - 29) + 9 + -20?
-107
What is -13 + (3 - -2) + -34 + (51 - 25)?
-16
Calculate -51 + 41 + 17 + -3 + 6 + 49.
59
Calculate 14 + -81 + -17 + 61.
-23
What is -38 + (-4 + -1 + 17 - 15) + 13?
-28
Evaluate -1 + -19 + 188 + -180 - -16.
4
-3 + -3 + (44 - 0) + 18 + -20
36
29 + -27 + -16 - -67 - -15
68
What is the value of 4 + 1 + (-1 + 18 - (-96 + 29 + 80))?
9
Calculate -7 + (-8 - -8 - 31) - (-7 + 4 + 0).
-35
What is -102 - (22 - (-8 + -1 + 30)) - 9?
-112
(-14 - 21 - -3) + 46 + -24
-10
(0 - -5) + -69 + 54 + -5
-15
(2 - -2) + 62 + -104
-38
What is (16 - (21 + (-4 - (-3 - 10)))) + -9?
-23
What is the value of 76 + 1 + (284 + -274 - (10 - 2 - -2))?
77
Evaluate (18 - -1) + (90 + -54 - 34 - (-2 + 13)).
10
What is the value of 10 + -7 + (-3 - (-26 - -155)) - -21?
-108
Calculate 20 + -91 + (-2 - (0 + -7)).
-66
What is 10 + -10 + (1 - -6) - (-12 + -25 - -7)?
37
What is 0 + -20 + (-33 + 3 - -117 - 27)?
40
Evaluate 39 + -35 + -25 - (-5 + 0).
-16
Evaluate 47 + -1 - ((-10 - (19 + -16)) + (-21 - -23)).
57
Evaluate 3 + 0 - (8847 - 8948).
104
(-12 + 22 - -3) + -8 + 36 + -10
31
3 - (0 - 2) - ((14 - -61) + 35 + -84)
-21
18 - (1 + -13 - ((-58 - -21) + 33))
26
What is 379 + -431 - (-95 - 8)?
51
4 - -11 - (5 + 17 + -33 - 2)
28
Calculate (-14 + 17 - -1) + -21 - -27.
10
What is (2 - (-2 - 15)) + (-7 - (7 + -26))?
31
Evaluate 33 - (72 - (-11 + (-14 - -31))).
-33
13 + 1 - (61 + -50) - (110 + 15 + -19)
-103
What is the value of -19 - ((61 - 17) + -34) - 19?
-48
Evaluate (48 - 54 - (6 + -9 + -4)) + -5 + 0.
-4
What is -38 - (8 + 1 + 9 - 42)?
-14
Calculate -45 + (-2 - (-20 + 8 - -4)) - -13.
-26
Evaluate -2 + -21 + (9 - (35 - 20)) - -1.
-28
6 - 2 - (20 + -19) - -22
25
Evaluate (31 - ((21 - -16) + -16 - 7)) + 14.
31
What is (0 - -15) + (-33 + -10 - 16)?
-44
-4 + -14 + 26 + 4 - 1
11
Evaluate 45 - (-6 - 5) - -11.
67
What is the value of 9 + 13 + 29 + 12 + -84?
-21
Evaluate (-21 - (-53 + 22)) + (6 - 88).
-72
What is the value of -201 + (365 - 119 - 117)?
-72
Evaluate (7 + -10 - (0 - -1)) + (-236 - -244).
4
-2 + (13 - 9) + 71 + (-6 - 2) + 4
